2 + 13*a - 2. Suppose 5*z - 49 = 46. What is the remainder when z is divided by p(-7)?
4
Let s = -6 - -12. What is the remainder when 1 + 3 + (3 - -14) is divided by s?
3
Let f(s) = 6*s - 32. Calculate the remainder when 37/(-2)*-1*2 is divided by f(7).
7
Let d be (-15)/((-7 - 2)/3). Suppose 3*p + 173 = 4*p. Suppose 0 = -d*z + 92 + p. Calculate the remainder when z is divided by 18.
17
Let v = -153 - -214. Let c be (7/(21/54))/2. What is the remainder when v is divided by 191/9 + (-2)/c?
19
Let n(h) = h - 6. Let a be n(10). Suppose 69 = -j + a*j. Calculate the remainder when j is divided by 13.
10
What is the remainder when 174 is divided by ((-39)/9 + 2)*-15?
34
Suppose -u - 4*l = -5*u + 236, -4*u - 2*l + 218 = 0. Suppose -u = -2*d + 6*d. Let h = d + 23. What is the remainder when 26 is divided by h?
8
Let h = -4 - -11. Calculate the remainder when 11 is divided by h.
4
Let z(a) be the second derivative of -a**5/20 + a**4/12 + a**3/6 + a**2 + 2*a. What is the remainder when z(-3) is divided by 18?
17
Let o = -5 - -32. What is the remainder when o is divided by 7?
6
Let o(p) = 7*p + 1. What is the remainder when 13 is divided by o(1)?
5
Calculate the remainder when 25 is divided by 7 - (-6)/((-4)/2).
1
Suppose 9*j + 3*j = 540. Calculate the remainder when j is divided by (16/6)/((-2)/(-12)).
13
Suppose -12 + 80 = -2*h. Let z = h + 72. What is the remainder when z is divided by 15*(-5)/((-30)/8)?
18
Suppose -13 = 3*c - 2*j - 95, -5*j = -2*c + 51. Suppose 5*r - 72 = -22. Calculate the remainder when c is divided by r.
8
Suppose 2*q + 0*q = 32. Calculate the remainder when q is divided by 2 - -5 - (3 - 2).
4
Suppose -2*v + 0*v = 3*g - 95, 2*g - 49 = -v. Suppose 5*z = -3 + v. What is the remainder when z is divided by 3?
2
Suppose 5*i - y = 24 + 36, 2*y + 43 = 3*i. Calculate the remainder when i is divided by 6.
5
Suppose -5*d - 2*x - x = -27, 2*d - x - 13 = 0. What is the remainder when 28 is divided by d?
4
Suppose 2*d + 189 - 728 = 3*p, 0 = d - 2*p - 272. What is the remainder when d is divided by 33?
31
Let i(q) = q**3 + 7*q**2 - 2*q. Let a = -11 + 4. Let p(l) = 6*l**2 - 4*l - 5. Calculate the remainder when p(-2) is divided by i(a).
13
Suppose f - 6 = -4*v + 276, 0 = 5*v - 5*f - 340. Suppose 3*y = y + v. Calculate the remainder when y is divided by 12.
11
Let q(y) = -17*y - 11. What is the remainder when q(-8) is divided by 42?
41
Suppose -4*b + 52 = 3*g - 12, -2*b + 92 = 4*g. What is the remainder when g is divided by 13?
11
Let n(t) = t + 1 - 6 + 5*t - 5*t. What is the remainder when n(8) is divided by 2?
1
Let t = -5 + 11. What is the remainder when 16 is divided by t?
4
Let j(x) = 59*x**3 - 2*x**2 + 1. What is the remainder when j(1) is divided by 15?
13
Let g = 3 - -6. What is the remainder when 15 is divided by g?
6
Let x(c) = -c**2 + c + 1. Let u(b) = -b**3 - 6*b**2 + 7*b + 7. Let i(p) = u(p) + 3*x(p). Let n = -28 + 55. What is the remainder when n is divided by i(-10)?
7
Let c = 103 + -61. Let j = 17 - 13. Suppose 2*k = -j*k + 90. What is the remainder when c is divided by k?
12
Suppose 0 = -m + 2 + 8. Calculate the remainder when m is divided by 7.
3
Calculate the remainder when 26 is divided by (-4)/(-18) + (-258)/(-54).
1
Suppose -2*v = 3*v - 130. Suppose -4*h + 8 = -0*h. Let k = 7 + h. Calculate the remainder when v is divided by k.
8
Calculate the remainder when (3 - 0) + (-12 - -45) is divided by 19.
17
Let c = 8 + -11. Let q = 11 + -3. Calculate the remainder when 23 is divided by (q/(-6))/(c/18).
7
Let c = 63 + -53. Calculate the remainder when 66 is divided by c.
6
Suppose -4*t + 118 + 130 = 0. What is the remainder when t is divided by (-2)/3 + (-100)/(-6)?
14
Suppose 3*y + 22 = y. Let g = y - -27. What is the remainder when 44 is divided by g?
12
Let t(a) = -a**3 - 4*a**2 - 2*a. Let k = 41 + -23. Calculate the remainder when t(-5) is divided by k.
17
Suppose -4*b = 4*x - 148, 3*b - 6*b - 99 = -3*x. Let w be 4/(-2)*-1 - -16. Suppose 2*m + w = 3*m. What is the remainder when x is divided by m?
17
Let s(f) = f**3 + 10*f**2 - 13*f - 2. Calculate the remainder when 1 + (-4)/(-2) + 35 is divided by s(-11).
18
Suppose j + 4 = -0. Let n = -11 - j. What is the remainder when (-2)/n + (-519)/(-21) is divided by 9?
7
Let x = 32 + -14. What is the remainder when 33 is divided by x?
15
Let w(y) = y + 2. Let d be w(6). Suppose -5*m + d = -m. Suppose -7 = m*g - 3*g. Calculate the remainder when g is divided by 3.
1
Suppose -3*r = 2*p - p - 13, -3*p - r = -7. Let d be ((-2)/(-4))/(3/18). What is the remainder when 43 is divided by ((-3)/d)/(p/(-22))?
21
Let y = 105 + -52. Let t = y + -31. What is the remainder when t is divided by (5 - (-65)/(-25))/((-3)/(-10))?
6
Suppose 0*g + 5*g - p - 64 = 0, -2*g + 16 = 2*p. Suppose 2*k = 4*k + f - 71, -2*k - 4*f = -74. What is the remainder when k is divided by g?
11
Let w = 44 + -38. Calculate the remainder when 29 is divided by w.
5
Let p(v) = 24*v. Let o be p(2). Let f = o + -19. Let d(x) = 2*x**3 - 3*x**2 + 2*x. Calculate the remainder when f is divided by d(2).
5
Let g = 7 + -3. Calculate the remainder when 10 is divided by g.
2
Suppose -4*t = 117 - 129. Calculate the remainder when 4 is divided by t.
1
Let g(z) = 12*z**2 + z. Calculate the remainder when g(-2) is divided by 8.
6
Suppose 5*w + 8 - 23 = 0. Suppose -n = -3*n - 8. Let t = 6 + n. What is the remainder when w is divided by t?
1
What is the remainder when 121 is divided by (-4)/(-14) + 3*687/63?
22
Suppose -7 = -0*f - f. Let i(l) = -l**3 - l**2 + 20. Let g be -3 - 2*3/(-2). What is the remainder when i(g) is divided by f?
6
Suppose 11*i - 21 = 8*i. Let p(g) = g**2 - 8*g + 8. Let f be p(6). Calculate the remainder when i is divided by (-14)/f - 1/2.
1
Suppose -5*l + 18 = -7. Let b = 225 - 390. Calculate the remainder when 43 is divided by ((-2)/l)/(3/b).
21
Let q(d) = -5*d**3 - d**2 + 1. Let h(c) = -c + 6. What is the remainder when q(-2) is divided by h(-7)?
11
Let j(s) = -s - 3. Let z be j(-9). Suppose -z*n = -11*n + 50. What is the remainder when n is divided by 7?
3
Let o be 2 - (1 + 1)*-1. Suppose -34 - 46 = o*i. Let n = -11 - i. Calculate the remainder when 17 is divided by n.
8
Let w(p) be the first derivative of -p**2 - 9*p - 4. Calculate the remainder when 12 is divided by w(-7).
2
Let m = -8 - -40. What is the remainder when m is divided by 11?
10
Suppose 2*i - 3*i = 4*w - 11, 0 = -2*w - 5*i + 1. Suppose 2*o + 57 = 5*o + 5*u, 4*o - w*u = 47. Calculate the remainder when 39 is divided by o.
11
Let l = 539 + -919. Calculate the remainder when (-1)/(-3) - l/30 is divided by 5.
3
Let m(h) = 12*h + 22. Suppose 4 = -2*t, -3*t = -y - y + 42. Calculate the remainder when m(4) is divided by y.
16
Let m be 1 - 2 - (4 + -1). Let l(u) = -4*u + 2. What is the remainder when l(-3) is divided by m + 7 - (0 - 1)?
2
Let m(o) = -o**3. Let t be m(0). Let z be -2 - 60/(0 - 4). Suppose -3*p - z + 181 = t. What is the remainder when p is divided by 19?
18
Suppose -3*i + 34 + 20 = 0. What is the remainder when 68 is divided by i?
14
Let g be 12/(1*-4)*-18. Suppose -l + g = -12. Calculate the remainder when l is divided by 17.
15
Let m = -4 - -30. What is the remainder when 127 is divided by m?
23
Let q be (3/(-3))/(2/30). Let d = q - -34. Calculate the remainder when d is divided by 11.
8
Let s = 10 - 1. Let o(q) = -q**3 + 9*q**2 + 4*q - 11. Calculate the remainder when o(9) is divided by s.
7
Let i be 1/2 + (-135)/(-10). Suppose -z = -3*z + i. What is the remainder when 20 is divided by z?
6
Let r = 54 + -28. Let z(m) = -m**3 + 23*m**2 - 30*m + 191. What is the remainder when r is divided by z(22)?
11
Let j(i) = i**3 + 5*i**2 + 3*i - 2. Calculate the remainder when 18 is divided by j(-3).
4
Let b be -2 + 0 + 2 + -1. Let u(l) = -13*l. Suppose -150 = -5*m + 100. What is the remainder when m is divided by u(b)?
11
Suppose -104 = -5*b + 291. Calculate the remainder when b is divided by 20.
19
Let r = -158 - -163. Let m(y) = -y**2 - 8*y - 6. What is the remainder when m(-5) is divided by r?
4
Let k(o) = 11*o. Let c = -3 - -4. Let y be k(c). Let l = -5 + y. What is the remainder when l is divided by 4?
2
Calculate the remainder when 162 is divided by 44/33*123/4.
39
Calculate the remainder when 29 is divided by (-15)/(-10)*(0 - 40/(-6)).
9
What is t